{"id":79,"date":"2010-06-27T23:23:02","date_gmt":"2010-06-27T21:23:02","guid":{"rendered":"http:\/\/vitalraum.co.at\/content\/"},"modified":"2024-04-15T11:48:14","modified_gmt":"2024-04-15T09:48:14","slug":"offnungszeiten","status":"publish","type":"page","link":"https:\/\/vitalraum.co.at\/content\/vitalraum\/offnungszeiten\/","title":{"rendered":"\u00d6ffnungszeiten"},"content":{"rendered":"<p><a href=\"https:\/\/vitalraum.co.at\/content\/vitalraum\/offnungszeiten\/oeffnungszeiten\/\" rel=\"attachment wp-att-2320\"><img loading=\"lazy\" decoding=\"async\" class=\"alignnone size-full wp-image-2320\" title=\"oeffnungszeiten\" src=\"https:\/\/vitalraum.co.at\/content\/wp-content\/uploads\/2010\/06\/oeffnungszeiten.jpg\" alt=\"\" width=\"392\" height=\"116\" \/><\/a><\/p>\n<h3>Der Vitalraum ist ge\u00f6ffnet<br \/>\nf\u00fcr Veranstaltungen, Kurse, Bewegungs- und Entspannungs\u00fcbungen.<\/h3>\n<p>F\u00fcr Kurse klicke <a href=\"https:\/\/vitalraum.co.at\/content\/aktuelle-kurse\/\">hier<\/a><\/p>\n<p>F\u00fcr den Terminkalender klicke <a href=\"https:\/\/www.ikalender.com\/kalender-vitalraum\/mein-kalender.sp.14.html?tag=15.04.2024&amp;modus=monat\">hier<\/a><\/p>\n","protected":false},"excerpt":{"rendered":"<p>Der Vitalraum ist ge\u00f6ffnet f\u00fcr Veranstaltungen, Kurse, Bewegungs- und Entspannungs\u00fcbungen. F\u00fcr Kurse klicke hier F\u00fcr den Terminkalender klicke hier<\/p>\n","protected":false},"author":1,"featured_media":0,"parent":82,"menu_order":144,"comment_status":"closed","ping_status":"closed","template":"","meta":{"footnotes":""},"class_list":["post-79","page","type-page","status-publish","hentry"],"_links":{"self":[{"href":"https:\/\/vitalraum.co.at\/content\/wp-json\/wp\/v2\/pages\/79","targetHints":{"allow":["GET"]}}],"collection":[{"href":"https:\/\/vitalraum.co.at\/content\/wp-json\/wp\/v2\/pages"}],"about":[{"href":"https:\/\/vitalraum.co.at\/content\/wp-json\/wp\/v2\/types\/page"}],"author":[{"embeddable":true,"href":"https:\/\/vitalraum.co.at\/content\/wp-json\/wp\/v2\/users\/1"}],"replies":[{"embeddable":true,"href":"https:\/\/vitalraum.co.at\/content\/wp-json\/wp\/v2\/comments?post=79"}],"version-history":[{"count":28,"href":"https:\/\/vitalraum.co.at\/content\/wp-json\/wp\/v2\/pages\/79\/revisions"}],"predecessor-version":[{"id":3599,"href":"https:\/\/vitalraum.co.at\/content\/wp-json\/wp\/v2\/pages\/79\/revisions\/3599"}],"up":[{"embeddable":true,"href":"https:\/\/vitalraum.co.at\/content\/wp-json\/wp\/v2\/pages\/82"}],"wp:attachment":[{"href":"https:\/\/vitalraum.co.at\/content\/wp-json\/wp\/v2\/media?parent=79"}],"curies":[{"name":"wp","href":"https:\/\/api.w.org\/{rel}","templated":true}]}}

Öffnungszeiten

<p><a href="https://vitalraum.co.at/content/vitalraum/offnungszeiten/oeffnungszeiten/" rel="attachment wp-att-2320"><img loading="lazy" decoding="async" class="alignnone size-full wp-image-2320" title="oeffnungszeiten" src="https://vitalraum.co.at/content/wp-content/uploads/2010/06/oeffnungszeiten.jpg" alt="" width="392" height="116" /></a></p>
<h3>Der Vitalraum ist geöffnet<br />
für Veranstaltungen, Kurse, Bewegungs- und Entspannungsübungen.</h3>
<p>Für Kurse klicke <a href="https://vitalraum.co.at/content/aktuelle-kurse/">hier</a></p>
<p>Für den Terminkalender klicke <a href="https://www.ikalender.com/kalender-vitalraum/mein-kalender.sp.14.html?tag=15.04.2024&amp;modus=monat">hier</a></p>

<p>Der Vitalraum ist geöffnet für Veranstaltungen, Kurse, Bewegungs- und Entspannungsübungen. Für Kurse klicke hier Für den Terminkalender klicke hier</p>
