{"id":3240,"date":"2020-02-04T09:42:17","date_gmt":"2020-02-04T08:42:17","guid":{"rendered":"http:\/\/accelerate-free-lifestyle.qsandbox.com\/?page_id=410"},"modified":"2023-07-21T20:44:01","modified_gmt":"2023-07-21T18:44:01","slug":"contact","status":"publish","type":"page","link":"https:\/\/vitalraum.co.at\/content\/aktuelles\/contact\/","title":{"rendered":"Newsletter bestellen"},"content":{"rendered":"\n<p>This contact form is created using&nbsp;<a href=\"https:\/\/wordpress.org\/plugins\/everest-forms\/\" target=\"_blank\" rel=\"noopener nofollow noreferrer\">Everest Forms<\/a>. <\/p>\n\n\n<div class=\"everest-forms\"><div class=\"evf-container default\" id=\"evf-3205\"><form id=\"evf-form-3205\" class=\"everest-form\" data-formid=\"3205\" data-ajax_submission=\"0\" data-keyboard_friendly_form=\"0\" data-form_state_type=\"\" method=\"post\" enctype=\"multipart\/form-data\" action=\"\/content\/wp-json\/wp\/v2\/pages\/3240\"><div class=\"evf-field-container\"><input type=\"hidden\" id=\"_wpnonce3205\" name=\"_wpnonce3205\" value=\"4df20be850\" \/><input type=\"hidden\" name=\"_wp_http_referer\" value=\"\/content\/wp-json\/wp\/v2\/pages\/3240\" \/><div class=\"evf-frontend-row\" data-row=\"row_1\" conditional_rules=\"[]\"><div class=\"evf-frontend-grid evf-grid-1\" data-grid=\"grid_1\"><div id=\"evf-3205-field_fullname-container\" class=\"evf-field evf-field-text form-row validate-required\" data-required-field-message=\"Please enter your name, this field is required.\" data-field-id=\"fullname\"><label class=\"evf-field-label\" for=\"evf-3205-field_fullname\"><span class=\"evf-label\">Name<\/span> <abbr class=\"required\" title=\"Required\">*<\/abbr><\/label><input type=\"text\" id=\"evf-3205-field_fullname\" class=\"input-text\" name=\"everest_forms[form_fields][fullname]\" required><\/div><div id=\"evf-3205-field_email-container\" class=\"evf-field evf-field-email form-row validate-required validate-email\" data-required-field-message=\"Please enter a valid email address.\" data-field-id=\"email\"><label class=\"evf-field-label\" for=\"evf-3205-field_email\"><span class=\"evf-label\">Email<\/span> <abbr class=\"required\" title=\"Required\">*<\/abbr><\/label><input type=\"email\" id=\"evf-3205-field_email\" class=\"input-text\" name=\"everest_forms[form_fields][email]\" required ><\/div><\/div><\/div><div class=\"evf-frontend-row\" data-row=\"row_2\" conditional_rules=\"[]\"><div class=\"evf-frontend-grid evf-grid-1\" data-grid=\"grid_1\"><div id=\"evf-3205-field_B8MIOhGYwU-2-container\" class=\"evf-field evf-field-checkbox form-row validate-required\" data-required-field-message=\"Zustimmung ist erforderlich\" data-field-id=\"B8MIOhGYwU-2\"><ul id=\"evf-3205-field_B8MIOhGYwU-2\" class=\" evf-field-required\"><li class=\"choice-1 depth-1\"><input type=\"checkbox\" id=\"evf-3205-field_B8MIOhGYwU-2_1\" class=\"input-text\" name=\"everest_forms[form_fields][B8MIOhGYwU-2][]\" value=\"Hiermit willige ich ein, den Newsletter des Unternehmens VITALRAUM an die von mir angegebene E-Mail-Adresse zugestellt zu erhalten. Ich kann meine Einwilligung jederzeit widerrufen; am einfachsten, indem ich den Widerruf an die E-Mail-Adresse vitalraum@aon.at schicke. Durch den Widerruf wird die Rechtm\u00e4\u00dfigkeit der aufgrund der Einwilligung bis zum Widerruf erfolgten Verarbeitung nicht ber\u00fchrt.\" required ><label class=\"everest-forms-field-label-inline\" for=\"evf-3205-field_B8MIOhGYwU-2_1\">Hiermit willige ich ein, den Newsletter des Unternehmens VITALRAUM an die von mir angegebene E-Mail-Adresse zugestellt zu erhalten. Ich kann meine Einwilligung jederzeit widerrufen; am einfachsten, indem ich den Widerruf an die E-Mail-Adresse vitalraum@aon.at schicke. Durch den Widerruf wird die Rechtm\u00e4\u00dfigkeit der aufgrund der Einwilligung bis zum Widerruf erfolgten Verarbeitung nicht ber\u00fchrt.<\/label><\/li><\/ul><\/div><\/div><\/div><\/div><div class=\"evf-honeypot-container evf-field-hp\"><label for=\"evf-3205-field-hp\" class=\"evf-field-label\">Name<\/label><input type=\"text\" name=\"everest_forms[hp]\" id=\"evf-3205-field-hp\" class=\"input-text\"><\/div><div class=\"evf-submit-container \" ><input type=\"hidden\" name=\"everest_forms[id]\" value=\"3205\"><input type=\"hidden\" name=\"everest_forms[author]\" value=\"5\"><button type='submit' name='everest_forms[submit]' class='everest-forms-submit-button button evf-submit ' id='evf-submit-3205' value='evf-submit' data-process-text=\"Processing\u2026\" conditional_rules='&quot;&quot;' conditional_id='evf-submit-3205'  id=\"evf-submit-3205\" aria-live=\"assertive\">Submit<\/button><\/div><\/form><\/div><!-- .evf-container --><\/div>\n","protected":false},"excerpt":{"rendered":"<p>This contact form is created using&nbsp;Everest Forms.<\/p>\n","protected":false},"author":5,"featured_media":0,"parent":2653,"menu_order":0,"comment_status":"closed","ping_status":"closed","template":"","meta":{"footnotes":""},"class_list":["post-3240","page","type-page","status-publish","hentry"],"_links":{"self":[{"href":"https:\/\/vitalraum.co.at\/content\/wp-json\/wp\/v2\/pages\/3240","targetHints":{"allow":["GET"]}}],"collection":[{"href":"https:\/\/vitalraum.co.at\/content\/wp-json\/wp\/v2\/pages"}],"about":[{"href":"https:\/\/vitalraum.co.at\/content\/wp-json\/wp\/v2\/types\/page"}],"author":[{"embeddable":true,"href":"https:\/\/vitalraum.co.at\/content\/wp-json\/wp\/v2\/users\/5"}],"replies":[{"embeddable":true,"href":"https:\/\/vitalraum.co.at\/content\/wp-json\/wp\/v2\/comments?post=3240"}],"version-history":[{"count":3,"href":"https:\/\/vitalraum.co.at\/content\/wp-json\/wp\/v2\/pages\/3240\/revisions"}],"predecessor-version":[{"id":3345,"href":"https:\/\/vitalraum.co.at\/content\/wp-json\/wp\/v2\/pages\/3240\/revisions\/3345"}],"up":[{"embeddable":true,"href":"https:\/\/vitalraum.co.at\/content\/wp-json\/wp\/v2\/pages\/2653"}],"wp:attachment":[{"href":"https:\/\/vitalraum.co.at\/content\/wp-json\/wp\/v2\/media?parent=3240"}],"curies":[{"name":"wp","href":"https:\/\/api.w.org\/{rel}","templated":true}]}}