{"id":152,"date":"2010-06-28T01:43:09","date_gmt":"2010-06-27T23:43:09","guid":{"rendered":"http:\/\/vitalraum.co.at\/content\/"},"modified":"2023-07-21T20:15:25","modified_gmt":"2023-07-21T18:15:25","slug":"aromaberatung","status":"publish","type":"page","link":"https:\/\/vitalraum.co.at\/content\/aromaberatung\/","title":{"rendered":"Aromaberatung"},"content":{"rendered":"<p><a href=\"https:\/\/vitalraum.co.at\/content\/vitalangebote\/aromaberatung\/aromaberatung_lav\/\" rel=\"attachment wp-att-2335\"><img loading=\"lazy\" decoding=\"async\" class=\"alignnone size-full wp-image-2335\" title=\"aromaberatung_lav\" src=\"https:\/\/vitalraum.co.at\/content\/wp-content\/uploads\/2010\/06\/aromaberatung_lav.jpg\" alt=\"\" width=\"392\" height=\"116\" \/><\/a><\/p>\n<h3>Allgemeines:<\/h3>\n<p>D\u00fcfte sind die ersten Eindr\u00fccke, die wir von der Welt bekommen. Unser Geruchsinn ist der \u00e4lteste unserer Sinne und direkt mit unserem Gef\u00fchlszentrum verbunden. D. h. alles , was wir riechen, nehmen wir unmittelbar wahr, geht uns n\u00e4her als blo\u00df Gesehenes oder Geh\u00f6rtes, es trifft unsere Seele.<br \/>\nD\u00fcfte verf\u00fcgen dar\u00fcber hinaus noch \u00fcber ein breites Wirkspektrum bei vielen k\u00f6rperlichen Beschwerden.<\/p>\n<p>Wer kennt nicht die beruhigende Melisse, den befreienden Eukalyptus oder den belebenden Rosmarin ?<\/p>\n<p>Vermutlich benutzten Menschen schon immer Pflanzen, Harze und H\u00f6lzer um durch Rauchopfer ihre G\u00f6tter zu verehren, sich vor Krankheiten zu sch\u00fctzen oder zu heilen.<br \/>\nDie alten \u00c4gypter benutzten Salb\u00f6le um ihre\u00a0Toten\u00a0einzubalsamieren. Sie kannten auch die Kunst der Aromatisierung und Konservierung von Speisen.<br \/>\nUm 1000 nChr dokumentierte Avicenna bereits unsere Methode der Gewinnung \u00e4therischer \u00d6le durch Destillation.<\/p>\n<p>Rene\u00e9 Gattefoce\u00a0 ( 1881-1950)\u00a0\u00a0\u00a0gilt als der Vater der modernen Aromatherapie.<br \/>\nSeither wurde in unz\u00e4hligen Versuchen und Studien die Wirksamkeit der einzelnen Bestandteile <strong>\u00e4therischer \u00d6le<\/strong> wissenschaftlich belegt.<\/p>\n<p>Die Wirksamkeit ergibt sich aber erst durch das Zusammenspiel dieser Bestandteile, und noch immer sind nicht alle Inhaltsstoffe erforscht. Daraus l\u00e4\u00dft sich leicht ableiten, dass nur nat\u00fcrliche \u00d6le in der Aromathrapie verwendet werden k\u00f6nnen.<\/p>\n<h3>Anbau<\/h3>\n<p>\u00c4therische \u00d6le sind die Essenz einer Pflanze. Bei Pflanzen aus herk\u00f6mmlichem Anbau gehen bei der Gewinnung \u00e4therischer \u00d6le auch Schadstoffe und\u00a0Spritzmittel in diese Essenz \u00fcber, gerade deshalb ist es (uns) so wichtig, nur Aroma\u00f6le aus kontrolliert biologischem Anbau oder Wildwuchs zu verwenden.<\/p>\n<h3>Anwendung<\/h3>\n<p>Wir haben hier Wirkstoffe in h\u00f6chster Konzentration vor uns, deshalb ben\u00fctzen wir sie sparsam und vorsichtig und nur in Einzelf\u00e4llen pur auf der Haut ( zB Lavendel oder Teebaum )<br \/>\nAroma\u00f6le wirken in Duftlampen, B\u00e4dern, Massagen, durch Gurgeln, Sp\u00fclungen , in der Aromak\u00fcche und unter Anleitung auch innerlich.<br \/>\nIm Bad und in der K\u00fcche brauchen wir Emulgatoren ( Fette, Salze oder Honig ) damit sich die \u00e4therischen \u00d6le verteilen k\u00f6nnen.<\/p>\n<h3>Aroma-Hausapotheke<\/h3>\n<p>die auch fixer Bestandteil meines Reisegep\u00e4cks ist, m\u00f6chte ich Ihnen hier kurz vorstellen:<\/p>\n<ul>\n<li>Lavendel : beruhigt\u00a0 und vertreibt Insekten<\/li>\n<li>Teebaum : reinigt und desinfiziert<\/li>\n<li>Pfefferminz : erfrischt, kl\u00e4rt bei Kopfschmerz und \u00dcbelkeit<\/li>\n<li>Cajeput : macht Nase und Kopf sanfter frei als Eukalytus<\/li>\n<li>Manuka : desinfiziert bei allen juckenden Hautproblemen<\/li>\n<li>Rosmarin : weckt auf,durchblutet,w\u00e4rmt<\/li>\n<li>Basilikum : stimmt optimistisch,baut auf und entspannt zugleich<\/li>\n<li>und ein Zitrusduft mu\u00df mit : gegen schlechte Stimmung, muffige Hotelzimmer<\/li>\n<\/ul>\n<h3>meine Aroma\u00f6le in Krisenzeiten<\/h3>\n<ul>\n<li>Zypresse : richtet mich wieder auf, wenn ich zerflie\u00dfen m\u00f6chte<\/li>\n<li>Muskatellersalbei : inspiriert und vitalisiert<\/li>\n<li>Angelikawurzel : gibt Mut, vertreibt Angst<\/li>\n<li>Zeder : gibt Schutz und Kraft<\/li>\n<\/ul>\n<p>Gerne stellen wir gemeinsam mit Ihnen Ihr ganz spezielles Massage\u00f6l her, mischen Naturparfums oder Sauna\u00f6le, parfumieren Cremen oder K\u00f6rperlotionen.<\/p>\n<p><strong>Lernen Sie bei uns die Kunst des Salbenmischens und des R\u00e4ucherns.<br \/>\nTauchen Sie ein ins Reich der Duft\u00f6le und Aromastoffe !<\/strong><\/p>\n","protected":false},"excerpt":{"rendered":"<p>Allgemeines: D\u00fcfte sind die ersten Eindr\u00fccke, die wir von der Welt bekommen. Unser Geruchsinn ist der \u00e4lteste unserer Sinne und direkt mit unserem Gef\u00fchlszentrum verbunden. D. h. alles , was wir riechen, nehmen wir unmittelbar wahr, geht uns n\u00e4her als<\/p>\n","protected":false},"author":1,"featured_media":0,"parent":0,"menu_order":50,"comment_status":"closed","ping_status":"closed","template":"","meta":{"footnotes":""},"class_list":["post-152","page","type-page","status-publish","hentry"],"_links":{"self":[{"href":"https:\/\/vitalraum.co.at\/content\/wp-json\/wp\/v2\/pages\/152","targetHints":{"allow":["GET"]}}],"collection":[{"href":"https:\/\/vitalraum.co.at\/content\/wp-json\/wp\/v2\/pages"}],"about":[{"href":"https:\/\/vitalraum.co.at\/content\/wp-json\/wp\/v2\/types\/page"}],"author":[{"embeddable":true,"href":"https:\/\/vitalraum.co.at\/content\/wp-json\/wp\/v2\/users\/1"}],"replies":[{"embeddable":true,"href":"https:\/\/vitalraum.co.at\/content\/wp-json\/wp\/v2\/comments?post=152"}],"version-history":[{"count":12,"href":"https:\/\/vitalraum.co.at\/content\/wp-json\/wp\/v2\/pages\/152\/revisions"}],"predecessor-version":[{"id":3174,"href":"https:\/\/vitalraum.co.at\/content\/wp-json\/wp\/v2\/pages\/152\/revisions\/3174"}],"wp:attachment":[{"href":"https:\/\/vitalraum.co.at\/content\/wp-json\/wp\/v2\/media?parent=152"}],"curies":[{"name":"wp","href":"https:\/\/api.w.org\/{rel}","templated":true}]}}