{"id":108,"date":"2010-06-28T00:01:07","date_gmt":"2010-06-28T00:01:07","guid":{"rendered":"http:\/\/vitalraum.co.at\/content\/"},"modified":"2025-01-05T19:47:17","modified_gmt":"2025-01-05T18:47:17","slug":"team","status":"publish","type":"page","link":"https:\/\/vitalraum.co.at\/content\/vitalraum\/team\/","title":{"rendered":"Renate Ginth\u00f6r-Scheer"},"content":{"rendered":"\n<hr class=\"wp-block-separator has-css-opacity\"\/>\n\n\n\n<figure class=\"wp-block-image\"><a href=\"https:\/\/vitalraum.co.at\/content\/vitalraum\/team\/renate-3\/\" rel=\"attachment wp-att-1810\"><img loading=\"lazy\" decoding=\"async\" width=\"368\" height=\"130\" src=\"https:\/\/vitalraum.co.at\/content\/wp-content\/uploads\/2010\/06\/Renate1.jpg\" alt=\"\" class=\"wp-image-1810\" title=\"Renate\" srcset=\"https:\/\/vitalraum.co.at\/content\/wp-content\/uploads\/2010\/06\/Renate1.jpg 368w, https:\/\/vitalraum.co.at\/content\/wp-content\/uploads\/2010\/06\/Renate1-328x116.jpg 328w\" sizes=\"auto, (max-width: 368px) 100vw, 368px\" \/><\/a><\/figure>\n\n\n\n<h4 class=\"wp-block-heading\">Gesch\u00e4ftsinhaberin<\/h4>\n\n\n\n<h5 class=\"wp-block-heading\">Drogistin<br>QiGong Kursleiter<br>Absolventin der Weinviertler Kr\u00e4uter-Akademie<br>Qi atsupractitioner<br>Entspannungs &#8211; und Achtsamkeitstrainerin<br>Bachbl\u00fctenberatung<br>Aromatherapie<\/h5>\n\n\n\n<p><\/p>\n\n\n\n<p><\/p>\n\n\n\n<h4 class=\"wp-block-heading\">&nbsp;<\/h4>\n\n\n\n<p>Die Freude an der Begegnung mit Menschen und meine Liebe zur Natur und allem Unverf\u00e4lschten waren f\u00fcr mich der Grund, warum ich im Dezember 2002 den VITALRAUM er\u00f6ffnet habe.<br>Mit meiner Familie (2 Kinder) genie\u00dfe ich unseren Bio-Garten, betreibe Sport, lese gerne und tr\u00e4ume von einem lebendigen Ortszentrum in Langenzersdorf.<\/p>\n","protected":false},"excerpt":{"rendered":"<p>Gesch\u00e4ftsinhaberin DrogistinQiGong KursleiterAbsolventin der Weinviertler Kr\u00e4uter-AkademieQi atsupractitionerEntspannungs &#8211; und AchtsamkeitstrainerinBachbl\u00fctenberatungAromatherapie &nbsp; Die Freude an der Begegnung mit Menschen und meine Liebe zur Natur und allem Unverf\u00e4lschten waren f\u00fcr mich der Grund, warum ich im Dezember 2002 den VITALRAUM er\u00f6ffnet habe.Mit<\/p>\n","protected":false},"author":1,"featured_media":0,"parent":82,"menu_order":122,"comment_status":"closed","ping_status":"closed","template":"","meta":{"footnotes":""},"class_list":["post-108","page","type-page","status-publish","hentry"],"_links":{"self":[{"href":"https:\/\/vitalraum.co.at\/content\/wp-json\/wp\/v2\/pages\/108","targetHints":{"allow":["GET"]}}],"collection":[{"href":"https:\/\/vitalraum.co.at\/content\/wp-json\/wp\/v2\/pages"}],"about":[{"href":"https:\/\/vitalraum.co.at\/content\/wp-json\/wp\/v2\/types\/page"}],"author":[{"embeddable":true,"href":"https:\/\/vitalraum.co.at\/content\/wp-json\/wp\/v2\/users\/1"}],"replies":[{"embeddable":true,"href":"https:\/\/vitalraum.co.at\/content\/wp-json\/wp\/v2\/comments?post=108"}],"version-history":[{"count":43,"href":"https:\/\/vitalraum.co.at\/content\/wp-json\/wp\/v2\/pages\/108\/revisions"}],"predecessor-version":[{"id":3711,"href":"https:\/\/vitalraum.co.at\/content\/wp-json\/wp\/v2\/pages\/108\/revisions\/3711"}],"up":[{"embeddable":true,"href":"https:\/\/vitalraum.co.at\/content\/wp-json\/wp\/v2\/pages\/82"}],"wp:attachment":[{"href":"https:\/\/vitalraum.co.at\/content\/wp-json\/wp\/v2\/media?parent=108"}],"curies":[{"name":"wp","href":"https:\/\/api.w.org\/{rel}","templated":true}]}}

Renate Ginthör-Scheer

<hr class="wp-block-separator has-css-opacity"/>



<figure class="wp-block-image"><a href="https://vitalraum.co.at/content/vitalraum/team/renate-3/" rel="attachment wp-att-1810"><img loading="lazy" decoding="async" width="368" height="130" src="https://vitalraum.co.at/content/wp-content/uploads/2010/06/Renate1.jpg" alt="" class="wp-image-1810" title="Renate" srcset="https://vitalraum.co.at/content/wp-content/uploads/2010/06/Renate1.jpg 368w, https://vitalraum.co.at/content/wp-content/uploads/2010/06/Renate1-328x116.jpg 328w" sizes="auto, (max-width: 368px) 100vw, 368px" /></a></figure>



<h4 class="wp-block-heading">Geschäftsinhaberin</h4>



<h5 class="wp-block-heading">Drogistin<br>QiGong Kursleiter<br>Absolventin der Weinviertler Kräuter-Akademie<br>Qi atsupractitioner<br>Entspannungs &#8211; und Achtsamkeitstrainerin<br>Bachblütenberatung<br>Aromatherapie</h5>



<p></p>



<p></p>



<h4 class="wp-block-heading">&nbsp;</h4>



<p>Die Freude an der Begegnung mit Menschen und meine Liebe zur Natur und allem Unverfälschten waren für mich der Grund, warum ich im Dezember 2002 den VITALRAUM eröffnet habe.<br>Mit meiner Familie (2 Kinder) genieße ich unseren Bio-Garten, betreibe Sport, lese gerne und träume von einem lebendigen Ortszentrum in Langenzersdorf.</p>

<p>Geschäftsinhaberin DrogistinQiGong KursleiterAbsolventin der Weinviertler Kräuter-AkademieQi atsupractitionerEntspannungs &#8211; und AchtsamkeitstrainerinBachblütenberatungAromatherapie &nbsp; Die Freude an der Begegnung mit Menschen und meine Liebe zur Natur und allem Unverfälschten waren für mich der Grund, warum ich im Dezember 2002 den VITALRAUM eröffnet habe.Mit</p>
